-3*v + 6400, -3*q - 5155 = -c*v. Is v a prime number?
False
Let g be (-3)/5 - 28/(-20)*4. Suppose 4258 = g*x + 3*p + 1320, -3*x = 4*p - 1765. Is x composite?
False
Suppose 7*d - 3*x = 5*d + 33179, 83010 = 5*d + 5*x. Is d a composite number?
True
Suppose 962 + 1699 = 3*y. Is y a composite number?
False
Let c(i) = -3313*i + 708. Is c(-11) composite?
True
Let r(t) = 13*t + 33. Let v be r(-2). Let d(b) = 8*b + 1 + 8*b + 14*b. Is d(v) a prime number?
True
Let a be -4*(4/8)/(-1). Let i be ((-126)/(-7))/(a/19). Suppose -6*c = -i - 1167. Is c a prime number?
True
Is 1/(-3) + (-9 - 61170/(-18)) a composite number?
False
Let l(q) = -7285*q + 709. Is l(-12) a composite number?
False
Suppose 1 = 3*u + 16. Let a = u - -9. Suppose -303 = -q + 2*h - a, -h - 296 = -q. Is q composite?
False
Let t(m) be the second derivative of 35*m**4/12 - 7*m**3/6 + 9*m**2/2 - 13*m. Suppose -i - 2*i = -12. Is t(i) a composite number?
False
Is (-11 + -1 + 10)*54681/(-6) prime?
False
Let w(x) = -x**3 - 26*x**2 + 23*x - 53. Is w(-27) a composite number?
True
Let o(p) = 28*p**2 - 34*p + 155. Is o(-37) prime?
False
Let p = 9371 - -11222. Is p prime?
True
Let b(u) = 549*u**2 - 36*u - 3. Is b(4) a composite number?
True
Suppose 5*m = 10, -3*w - m - 14 = -5*w. Suppose y + 4*q = 9, 2*y + q - 3 - 1 = 0. Is y*(w*27 + 1) composite?
True
Suppose -4*q = -1216 - 120. Is q*2/(-3 + 7) a composite number?
False
Suppose 11*q = 13*q. Let r be (-15)/(-2) - (-3)/(-6). Suppose r*n - 9*n + 982 = q. Is n a composite number?
False
Let r(t) = -8 + 61 + 8 + 22*t + 2*t**2 + 2*t**2. Is r(-15) a prime number?
True
Let r = 2893 - 948. Is r prime?
False
Let y be 9 + -8 + 0 + 1. Suppose 1632 = -v + 5*v - 4*w, -y*v = -5*w - 819. Is v a composite number?
True
Let n(u) = -u**2 - 10*u + 14. Let z be n(-11). Suppose -139 - 92 = -z*f. Is f a prime number?
False
Let b be (3 - 5744/(-4)) + -3. Let u = 2497 - b. Is u a prime number?
True
Suppose u - 6*u + 15 = 0. Suppose -y + u*y = -14. Let p(s) = s**3 + 10*s**2 + 8*s - 6. Is p(y) prime?
False
Let i be ((-32)/12 - -3)*33. Suppose -i*d = -13*d + 158. Is d composite?
False
Let l = 219 - 405. Let s = l - -428. Let v = -97 + s. Is v a composite number?
True
Is 56/(-70) + (-378)/(-10) composite?
False
Let c be 1/(-2) + (-2)/(-4). Let a be (7/(-2) + 3)*c. Suppose a*y = 4*y - 148. Is y a prime number?
True
Let c = 1130 + 2717. Is c prime?
True
Suppose i = -1789 + 4896. Is i a composite number?
True
Suppose 2*i - 3 = -1, -79 = 2*n + 3*i. Let z = -41 - n. Suppose -l - 2*l + 897 = z. Is l prime?
False
Let i(x) = -2*x**2 + 6*x. Let z be i(3). Is 562 + z/(-1) + 1 composite?
False
Let i(t) = -14233*t - 297. Is i(-8) a prime number?
True
Suppose -2*q = 0, -4*a - q + 21701 + 49775 = 0. Is a a prime number?
False
Let w = 1630 + 25. Is w a prime number?
False
Let x(k) be the first derivative of k**3 - 3*k**2/2 + k + 3. Let n(m) = -m**2 + 1. Let l(a) = 2*n(a) + x(a). Is l(13) composite?
True
Suppose -34*p = -11*p - 1910173. Is p a composite number?
True
Suppose -4 = j + 4*i + 8, 2*j = -3*i - 4. Suppose 0 = -5*c - 5*x + 50, 9*x = j*x - 5. Is c composite?
False
Is (-580656)/(-54) - (330/(-54) + 6) prime?
True
Suppose 2*x + 55*m - 52*m - 7214 = 0, -2*x = -4*m - 7214. Is x prime?
True
Suppose 16 = 3*d - 4*m - 0, 3*d - m - 4 = 0. Suppose d = 4*c + 3*c - 2359. Suppose -l = 3*f - c, -909 - 439 = -4*l - 4*f. Is l a prime number?
True
Suppose -4*x + 1199 = -5*k, 3*x - 789 + 308 = 2*k. Let z = k + 462. Is z a composite number?
False
Let k = 669 - 241. Suppose -271 = -3*o + k. Is o composite?
False
Let j(h) = 44*h + 1. Let y be j(-2). Let z = -52 - y. Is z prime?
False
Let h(j) = -j**3 - 2*j**2 - j - 4. Let u be h(0). Let a be 57 + (-3)/4*u. Is (-1)/5 - (-28152)/a a composite number?
True
Let s(b) = 302*b**2 + 11*b - 45. Is s(6) composite?
True
Suppose 4*i - 4*o + 3 = 3*i, 2*i - 6 = 5*o. Suppose s + 5028 = i*s. Is s a composite number?
False
Suppose -2*s + 7*s - 20 = 0. Suppose 2*n - 78 - 42 = -y, s*y - 520 = 2*n. Suppose -139 = -3*w + y. Is w prime?
True
Let b be 3/6*-8 - (-63)/(-3). Let p = b + 442. Is p prime?
False
Let w(g) = g**3 + 3*g**2 - 11*g + 8. Let k be w(6). Let p = -145 + k. Is p prime?
False
Suppose -3*b = 4*x + 2954, 2*b + 1474 = -2*x - b. Let p = x + 1883. Let c = -650 + p. Is c a prime number?
False
Let v = 240 + -340. Suppose 5*a = -4*x + 9*x - 955, -4*x + 569 = -3*a. Let k = v - a. Is k composite?
True
Let l be (-54)/(-4)*(-104)/6. Let n = 787 - 1132. Let u = l - n. Is u prime?
False
Suppose 3*r + d = 19, -4*r + d = -4*d - 57. Suppose 0 = -r*n + 7*n + 2177. Is n a composite number?
True
Is (48/(-8))/(-12)*(3 + 2359) a prime number?
True
Let u(l) = l**3 - 7 - 2*l + 2*l - l - l + 5*l**2. Let m be u(-5). Let b(h) = 8*h**2 + 5*h - 4. Is b(m) a prime number?
True
Is 231/55*(-48940)/(-12) prime?
False
Suppose -o + 531 = -1400. Is o prime?
True
Let x(k) = 5*k**3 + 2*k**2 + 5*k - 1. Let n be x(5). Suppose -2*y + 3*v + 2775 = 0, 2*y - n = -5*v + 2052. Is y prime?
False
Let n(v) = 65*v**2 - 4*v + 52. Is n(5) prime?
True
Let d be 63/2 - 4/(-8). Suppose -3*o - 5 = 4, 2*f - d = 4*o. Is (1 + 14)*4/f prime?
False
Let a = 962 + -463. Is a prime?
True
Let h(d) = 22*d + 9. Suppose -6 = 5*p - 26. Is h(p) a composite number?
False
Let t(o) = 24*o**2 - 17*o - 15. Let w(p) = 12*p**2 - 8*p - 7. Let j be (22/55)/(1/(-5)). Let q(a) = j*t(a) + 5*w(a). Is q(5) composite?
True
Suppose 17*n + 760 = 22*n. Let j = n - -167. Is j prime?
False
Let s be 6/(-10) - 31752/(-45). Suppose -5*t = -3*l - s - 71, 5*l + 770 = 5*t. Is t composite?
False
Let q(a) = 3*a**2 - 4*a - 7. Let v be q(-5). Suppose 403 = w - v. Is w a composite number?
False
Suppose 2*a - 54*z - 10834 = -59*z, -10836 = -2*a - 4*z. Is a composite?
True
Let h = -1936 - -4095. Is h prime?
False
Let i(b) = 25*b**2 - 19*b + 29. Is i(23) a composite number?
True
Let r(o) be the third derivative of 331*o**4/24 - o**3/6 - 5*o**2. Is r(6) a prime number?
False
Is 4666/((-1)/(-3) + (-25)/(-15)) a composite number?
False
Suppose 0 = 3*h - n - 4664, -6*h - 3*n - 3107 = -8*h. Is h prime?
False
Suppose -12*i + 42056 = -4*i. Is i prime?
False
Let q be 1/(5/15) - (-806 + -1). Suppose 3*h + 0*h - 6 = 0. Suppose -3*f + h*k - 322 = -5*f, 5*f - q = -4*k. Is f a prime number?
False
Suppose 1297 + 1094 = b. Suppose -2*q = -5*q + b. Is q a prime number?
True
Suppose -711 = -4*n + 981. Suppose n = 3*c + 3*f - f, 0 = 4*c - 3*f - 547. Suppose 3*k - c = 98. Is k a composite number?
False
Is (-385780)/(-12)*27/45 prime?
True
Suppose 0 = -3*f - 7 + 19, 4*q + 4*f - 65108 = 0. Is q prime?
True
Let z = -42 + 46. Is z - -189 - (-1 - -2 - -1) a composite number?
False
Suppose -34*s = -31*s + 5*z - 6086, 3*z - 3 = 0. Is s a prime number?
True
Suppose y - 22878 = -4*w - 4643, 4*w = -5*y + 91143. Is y a composite number?
True
Suppose 30*q = 36*q - 12. Let y be 2 + -2 - (-69 - 2). Suppose q*b + b + 3*n = 213, b + 4*n - y = 0. Is b a composite number?
False
Let w(u) = 3*u**2 - u. Let i be w(-1). Let n(r) = -3 + i*r + 9*r**2 - 5*r + 2 - 2*r. Is n(-3) prime?
True
Let l = -3312 - -5277. Suppose 3*a - 45 = -3*o + l, 2*a = o + 1352. Is a composite?
True
Let w = 40 - 20. Suppose -5*x = -0*j + 5*j - w, 3*x = -2*j + 12. Suppose -n = -j*n - 79. Is n a composite number?
False
Let w(l) = 16649*l**2 + 12*l. Is w(-1) prime?
False
Let g(q) = q**3 + 7*q**2 + 5*q - 3. Let n be g(-4). Let j = -21 + n. Suppose 0 = -0*u - j*u + 172. Is u a composite number?
False
Let u(n) be the second derivative of -563*n**4/6 - n**3/3 - n**2/2 + 3*n. Let a be u(-1). Let f = a + 1610. Is f a prime number?
False
Suppose 7*d - 20 - 8 = 0. Let s(t) = -t**2 + 6*t - 8. Let y be s(d). Suppose y = 2*m - 103 - 399. Is m a composite number?
False
Let s = 1247 - 394. Is s composite?
False
Is (-10)/(-8) + 3231/36 a prime number?
False
Suppose 0 = y + 2*o - 2, -5*y - 5*o + 5 + 0 = 0. Suppose -4*u = -5*b + 2327, y*b + 2*b - 942 = -4*u. Is b prime?
True
Let r(x) = -x**3 + 13*x**2 + 10*x - 15. Is r(13) a prime number?
False
Is (-47274)/(-14) + (-34)/(-119) prime?
False
Suppose 0 = 4*z - v - 11704, 3*v - 4*v = -2*z + 5850. Is z a prime number?
True
Let p be (-1)/(((-1)/1)/(-2)*1). Is (1684/4 - 2)/(p/(-14)) a composite number?
True
Let l be 3 + 1 + 2 + -6. Suppose l = -2*o + 6*o. Suppose 5*x = -3*t + 464, 0*t - 2*t - x + 321 = o. I